ivided by 11.
9
What is the remainder when 1192 is divided by 50?
42
What is the remainder when 953 is divided by 464?
25
What is the remainder when 716 is divided by 144?
140
What is the remainder when 99 is divided by 32?
3
Calculate the remainder when 345 is divided by 6.
3
What is the remainder when 237 is divided by 26?
3
Calculate the remainder when 171 is divided by 58.
55
What is the remainder when 2196 is divided by 14?
12
What is the remainder when 710 is divided by 90?
80
What is the remainder when 274 is divided by 20?
14
What is the remainder when 34 is divided by 13?
8
What is the remainder when 335 is divided by 24?
23
What is the remainder when 161 is divided by 42?
35
What is the remainder when 71 is divided by 29?
13
Calculate the remainder when 4432 is divided by 1101.
28
What is the remainder when 984 is divided by 33?
27
Calculate the remainder when 154 is divided by 57.
40
Calculate the remainder when 2944 is divided by 92.
0
What is the remainder when 318 is divided by 144?
30
Calculate the remainder when 6798 is divided by 243.
237
Calculate the remainder when 265 is divided by 38.
37
Calculate the remainder when 177 is divided by 95.
82
Calculate the remainder when 263 is divided by 78.
29
What is the remainder when 16024 is divided by 11?
8
Calculate the remainder when 4015 is divided by 82.
79
Calculate the remainder when 375 is divided by 18.
15
What is the remainder when 70 is divided by 8?
6
What is the remainder when 379 is divided by 10?
9
What is the remainder when 337 is divided by 34?
31
What is the remainder when 5085 is divided by 32?
29
Calculate the remainder when 14677 is divided by 63.
61
Calculate the remainder when 153 is divided by 8.
1
What is the remainder when 109 is divided by 19?
14
Calculate the remainder when 590 is divided by 153.
131
What is the remainder when 20 is divided by 3?
2
Calculate the remainder when 238 is divided by 83.
72
Calculate the remainder when 132 is divided by 67.
65
Calculate the remainder when 35 is divided by 13.
9
Calculate the remainder when 553 is divided by 77.
14
Calculate the remainder when 2814 is divided by 128.
126
Calculate the remainder when 289 is divided by 74.
67
Calculate the remainder when 70 is divided by 12.
10
What is the remainder when 232 is divided by 19?
4
What is the remainder when 68 is divided by 13?
3
Calculate the remainder when 112 is divided by 59.
53
Calculate the remainder when 5 is divided by 5.
0
Calculate the remainder when 1218 is divided by 94.
90
What is the remainder when 589 is divided by 60?
49
What is the remainder when 246 is divided by 51?
42
Calculate the remainder when 14661 is divided by 24.
21
What is the remainder when 11764 is divided by 41?
38
What is the remainder when 157 is divided by 51?
4
What is the remainder when 2912 is divided by 94?
92
Calculate the remainder when 137 is divided by 46.
45
What is the remainder when 2228 is divided by 62?
58
Calculate the remainder when 96 is divided by 25.
21
What is the remainder when 27 is divided by 8?
3
Calculate the remainder when 6 is divided by 5.
1
What is the remainder when 56 is divided by 37?
19
What is the remainder when 9236 is divided by 30?
26
Calculate the remainder when 894 is divided by 7.
5
Calculate the remainder when 178 is divided by 12.
10
Calculate the remainder when 190 is divided by 178.
12
Calculate the remainder when 272 is divided by 64.
16
What is the remainder when 377 is divided by 20?
17
Calculate the remainder when 1185 is divided by 17.
12
What is the remainder when 895 is divided by 29?
25
What is the remainder when 6066 is divided by 24?
18
Calculate the remainder when 9733 is divided by 165.
163
What is the remainder when 74 is divided by 10?
4
Calculate the remainder when 2448 is divided by 14.
12
Calculate the remainder when 79 is divided by 36.
7
What is the remainder when 586 is divided by 54?
46
What is the remainder when 150 is divided by 22?
18
What is the remainder when 12502 is divided by 338?
334
What is the remainder when 2625 is divided by 265?
240
What is the remainder when 114 is divided by 16?
2
Calculate the remainder when 415 is divided by 75.
40
What is the remainder when 50 is divided by 22?
6
What is the remainder when 724 is divided by 10?
4
Calculate the remainder when 39 is divided by 4.
3
What is the remainder when 557 is divided by 39?
11
What is the remainder when 739 is divided by 52?
11
What is the remainder when 711 is divided by 255?
201
What is the remainder when 247 is divided by 91?
65
Calculate the remainder when 205 is divided by 9.
7
Calculate the remainder when 287 is divided by 18.
17
Calculate the remainder when 50 is divided by 14.
8
Calculate the remainder when 448 is divided by 222.
4
Calculate the remainder when 293 is divided by 58.
3
Calculate the remainder when 252 is divided by 63.
0
What is the remainder when 736 is divided by 74?
70
What is the remainder when 371 is divided by 13?
7
Calculate the remainder when 7372 is divided by 38.
0
What is the remainder when 368 is divided by 45?
8
Calculate the remainder when 845 is divided by 154.
75
What is the remainder when 107 is divided by 10?
7
What is the remainder when 22 is divided by 15?
7
Calculate the remainder when 327 is divided by 15.
12
Calculate the remainder when 178 is divided by 59.
1
What is the remainder when 574 is divided by 96?
94
What is the remainder when 160 is divided by 44?
28
What is the remainder when 51 is divided by 27?
24
Calculate the remainder when 128 is divided by 70.
58
Calculate the remainder when 848 is divided by 107.
99
Calculate the remainder when 824 is divided by 271.
11
What is the remainder when 131 is divided by 9?
5
Calculate the remainder when 5006 is divided by 167.
163
What is the remainder when 167 is divided by 24?
23
What is the remainder when 129 is divided by 5?
4
Calculate the remainder when 4822 is divided by 23.
15
What is the remainder when 363 is divided by 32?
11
Calculate the remainder when 179 is divided by 31.
24
What is the remainder when 641 is divided by 54?
47
Calculate the remainder when 440 is divided by 34.
32
Calculate the remainder when 476 is divided by 102.
68
What is the remainder when 2977 is divided by 23?
10
What is the remainder when 414 is divided by 141?
132
What is the remainder when 2182 is divided by 42?
40
Calculate the remainder when 304 is divided by 66.
40
What is the remainder when 430 is divided by 18?
16
Calculate the remainder when 912 is divided by 77.
65
Calculate the remainder when 5337 is divided by 178.
175
Calculate the remainder when 32 is divided by 7.
4
Calculate the remainder when 1117 is divided by 13.
12
What is the remainder when 132 is divided by 96?
36
Calculate the remainder when 2111 is divided by 8.
7
Calculate the remainder when 487 is divided by 74.
43
Calculate the remainder when 400 is divided by 54.
22
What is the remainder when 12931 is divided by 29?
26
What is the remainder when 2651 is divided by 7?
5
Calculate the remainder when 116 is divided by 5.
1
What is the remainder when 1319 is divided by 16?
7
What is the remainder when 332 is divided by 57?
47
What is the remainder when 1443 is divided by 19?
18
Calculate the remainder when 290 is divided by 28.
10
Calculate the remainder when 105 is divided by 48.
9
Calculate the remainder when 4066 is divided by 12.
10
What is the remainder when 378 is divided by 84?
42
Calculate the remainder when 467 is divided by 123.
98
Calculate the remainder when 3660 is divided by 1830.
0
Calculate the remainder when 343 is divided by 96.
55
Calculate the remainder when 104 is divided by 17.
2
What is the remainder when 1261 is divided by 290?
101
Calculate the remainder when 489 is divided by 82.
79
Calculate the remainder when 205 is divided by 43.
33
Calculate the remainder when 899 is divided by 6.
5
Calculate the remainder when 96 is divided by 25.
21
What is the remainder when 415 is divided by 80?
15
Calculate the remainder when 162 is divided by 11.
8
What is the remainder when 1442 is divided by 85?
82
Calculate the remainder when 305 is divided by 18.
17
What is the remainder when 13 is divided by 7?
6
Calculate the remainder when 618 is divided by 23.
20
Calculate the remainde